{"id":17751,"date":"2020-08-25T01:28:02","date_gmt":"2020-08-25T01:28:02","guid":{"rendered":"http:\/\/www.aadip.org.ar\/web\/?page_id=17751"},"modified":"2023-08-03T16:55:03","modified_gmt":"2023-08-03T16:55:03","slug":"quienes-somos-yp-com","status":"publish","type":"page","link":"http:\/\/www.aadip.org.ar\/web\/quienes-somos-yp-com\/","title":{"rendered":"Quienes somos YP-COM"},"content":{"rendered":"<p>[vc_row row_type=\u00bbrow\u00bb use_row_as_full_screen_section=\u00bbno\u00bb type=\u00bbfull_width\u00bb angled_section=\u00bbno\u00bb text_align=\u00bbleft\u00bb background_image_as_pattern=\u00bbwithout_pattern\u00bb css_animation=\u00bb\u00bb][vc_column width=\u00bb2\/3&#8243;][vc_row_inner row_type=\u00bbrow\u00bb type=\u00bbfull_width\u00bb text_align=\u00bbleft\u00bb css_animation=\u00bb\u00bb][vc_column_inner][vc_column_text]<\/p>\n<h2>Un grupo que naci\u00f3 y creci\u00f3 en el marco de la Comisi\u00f3n Internacional de J\u00f3venes Profesionales de PIANC (YP-Com)<\/h2>\n<p><\/br>[vc_custom_heading text=\u00bbThis is custom heading element with Google Fonts\u00bb font_container=\u00bbtag:h2|text_align:left\u00bb google_fonts=\u00bbfont_family:Montserrat%3Aregular%2C700|font_style:400%20regular%3A400%3Anormal\u00bb][vc_column_text]La Comisi\u00f3n de J\u00f3venes Profesionales de PIANC <a href=\"https:\/\/www.pianc.org\/commissions-and-working-groups\/young-professionals-commission\">(YP-Com)<\/a>, ideada conceptualmente en el a\u00f1o 2001 y constituida formalmente en el a\u00f1o 2006, est\u00e1 compuesta por miembros de la comunidad PIANC menores a 40 a\u00f1os, distribuidos en m\u00e1s de 30 pa\u00edses.<\/p>\n<p><\/br>Durante las \u00faltimas d\u00e9cadas, YP-Com estuvo dedicada a promover el desarrollo de la carrera profesional de j\u00f3venes asociados a PIANC tanto a nivel nacional, como regional y mundial. Esto ha sido posible a trav\u00e9s de la realizaci\u00f3n de diversos eventos, reuniones y visitas t\u00e9cnicas dedicadas exclusivamente a J\u00f3venes Profesionales, como as\u00ed tambi\u00e9n a la participaci\u00f3n de miembros en Comisiones y Grupos de Trabajo de PIANC junto a expertos mundiales (una vacante por pa\u00eds reservada para J\u00f3venes Profesionales) y a la generaci\u00f3n de incentivos y oportunidades de educaci\u00f3n e investigaci\u00f3n con becas parciales y\/o totales (Premio al mejor trabajo de un Joven Profesional en Congresos PIANC \/ AADIP, Premio De Paepe-Willems, intercambios laborales y acad\u00e9micos, etc.).<\/p>\n<p>[\/vc_column_text][vc_single_image image=\u00bb17788&#8243; img_size=\u00bbfull\u00bb style=\u00bbvc_box_rounded\u00bb qode_css_animation=\u00bb\u00bb css=\u00bb.vc_custom_1598371506550{margin-top: 30px !important;margin-bottom: 30px !important;}\u00bb][vc_column_text css=\u00bb.vc_custom_1598371970248{margin-bottom: 30px !important;}\u00bb]<\/p>\n<h2>J\u00f3venes Profesionales de toda Argentina para fortalecer la comunidad portuaria y contribuir al desarrollo profesional argentino.<\/h2>\n<p><\/br>[vc_column_text]Localmente, el grupo de PIANC Argentina J\u00f3venes Profesionales (YP PIANC AR) ha sido establecido en el a\u00f1o 2012, como resultado del inter\u00e9s de algunos j\u00f3venes ingenieros que, cursando la carrera de Especializaci\u00f3n en Ingenier\u00eda Portuaria (EGIP) de la Facultad de Ingenier\u00eda de la Universidad de Buenos Aires, se involucraron activamente en la asociaci\u00f3n. R\u00e1pidamente se sumaron al grupo j\u00f3venes de distintas regiones del pa\u00eds y en la actualidad, los J\u00f3venes Profesionales contribuyen con m\u00e1s del 50% de los miembros PIANC de nuestra Secci\u00f3n Nacional.<\/p>\n<p><\/br>[vc_column_text]El grupo de PIANC Argentina J\u00f3venes Profesionales es uno de los m\u00e1s activos a nivel mundial y mantiene en forma regular eventos t\u00e9cnicos a lo largo del pa\u00eds. Adem\u00e1s, propone J\u00f3venes Profesionales para Grupos de Trabajo y Comisiones, mantiene la conexi\u00f3n con YP-Com, promueve premios anuales, y trabaja mancomunadamente con la Comisi\u00f3n Directiva de AADIP (representante de PIANC Argentina).<\/p>\n<p><\/br>[vc_column_text]La comisi\u00f3n YP PIANC AR tiene como objetivo organizar regularmente actividades acad\u00e9micas y visitas t\u00e9cnicas de alcance local y regional, fomentando el encuentro de j\u00f3venes profesionales de distintas regiones con el fin de acrecentar la red de contactos, ampliar conocimientos y difundir la asociaci\u00f3n. Anualmente se planifican actividades exclusivas para j\u00f3venes profesionales, las cuales se desarrollan: una en la regi\u00f3n Centro (Buenos Aires) y otra en el Litoral Mar\u00edtimo o Fluvial argentino (de manera intercalada); como as\u00ed tambi\u00e9n se propone la organizaci\u00f3n bianual de un seminario regional para el continente Americano.<\/p>\n<p>[\/vc_column_text][\/vc_column_inner][\/vc_row_inner][\/vc_column][vc_column width=\u00bb1\/3&#8243;][vc_row_inner row_type=\u00bbrow\u00bb type=\u00bbfull_width\u00bb text_align=\u00bbleft\u00bb css_animation=\u00bb\u00bb][vc_column_inner][vc_single_image image=\u00bb17787&#8243; img_size=\u00bbfull\u00bb alignment=\u00bbcenter\u00bb style=\u00bbvc_box_shadow_circle_2&#8243; qode_css_animation=\u00bb\u00bb qode_hover_animation=\u00bbzoom_in\u00bb][vc_column_text css=\u00bb.vc_custom_1598371880979{margin-top: 20px !important;margin-bottom: 30px !important;}\u00bb]<strong>YP PIANC AR<\/strong> tiene como objetivo organizar regularmente actividades acad\u00e9micas y visitas t\u00e9cnicas de alcance local y regional, fomentando el encuentro de j\u00f3venes profesionales de distintas regiones.<\/p>\n<p>[\/vc_column_text][vc_single_image image=\u00bb17790&#8243; img_size=\u00bbfull\u00bb alignment=\u00bbcenter\u00bb style=\u00bbvc_box_shadow_circle_2&#8243; qode_css_animation=\u00bb\u00bb qode_hover_animation=\u00bbzoom_in\u00bb css=\u00bb.vc_custom_1598372109031{margin-bottom: 30px !important;}\u00bb][\/vc_column_inner][\/vc_row_inner]<div class=\"q_pie_chart_holder\"><div class=\"q_percentage\" data-percent=\"50\" data-linewidth=\"\" data-active=\"#1e73be\" data-noactive=\"#e5e5e5\" style=\"color:#1e73be;font-size:50px;\"><span class=\"tocounter\">50<\/span>%<\/div><div class=\"pie_chart_text\"><h4 class=\"pie_title\" style=\"color: #bfbfbf;\">YP-COM <\/h4><span class=\"separator small\" style='background-color: #1e73be;'\"><\/span><p style=\"color: #1e73be;\">Los J\u00f3venes Profesionales contribuyen con m\u00e1s del 50% de los miembros PIANC de nuestra Secci\u00f3n Nacional.<\/p><\/div><\/div>[vc_row_inner row_type=\u00bbrow\u00bb type=\u00bbfull_width\u00bb text_align=\u00bbleft\u00bb css_animation=\u00bb\u00bb][vc_column_inner width=\u00bb1\/3&#8243;]<div class='image_hover hovered' style='' data-transition-delay=''><div class='images_holder'><a itemprop='url' href='https:\/\/www.linkedin.com\/groups\/4507238\/' target='_blank'><img itemprop='image' class='active_image ' src='http:\/\/www.aadip.org.ar\/web\/wp-content\/uploads\/2020\/08\/ico_linkeding.jpg' alt='' style='' \/><img itemprop='image' class='hover_image' src='http:\/\/www.aadip.org.ar\/web\/wp-content\/uploads\/2020\/08\/ico_linkeding_on.jpg' alt='' style='' \/><\/a><\/div><\/div>[\/vc_column_inner][vc_column_inner width=\u00bb1\/3&#8243;]<div class='image_hover hovered' style='' data-transition-delay=''><div class='images_holder'><a itemprop='url' href='https:\/\/www.facebook.com\/yppianc.ar\/' target='_blank'><img itemprop='image' class='active_image ' src='http:\/\/www.aadip.org.ar\/web\/wp-content\/uploads\/2020\/08\/ico_facebook.jpg' alt='' style='' \/><img itemprop='image' class='hover_image' src='http:\/\/www.aadip.org.ar\/web\/wp-content\/uploads\/2020\/08\/ico_facebookon.jpg' alt='' style='' \/><\/a><\/div><\/div>[\/vc_column_inner][vc_column_inner width=\u00bb1\/3&#8243;]<div class='image_hover hovered' style='' data-transition-delay=''><div class='images_holder'><a itemprop='url' href='#' target='_blank'><img itemprop='image' class='active_image ' src='http:\/\/www.aadip.org.ar\/web\/wp-content\/uploads\/2020\/08\/ico_imstagram.jpg' alt='' style='' \/><img itemprop='image' class='hover_image' src='http:\/\/www.aadip.org.ar\/web\/wp-content\/uploads\/2020\/08\/ico_imstagramonon.jpg' alt='' style='' \/><\/a><\/div><\/div>[\/vc_column_inner][\/vc_row_inner][\/vc_column][\/vc_row]<\/p>\n","protected":false},"excerpt":{"rendered":"<p>[vc_row row_type=\u00bbrow\u00bb use_row_as_full_screen_section=\u00bbno\u00bb type=\u00bbfull_width\u00bb angled_section=\u00bbno\u00bb text_align=\u00bbleft\u00bb background_image_as_pattern=\u00bbwithout_pattern\u00bb css_animation=\u00bb\u00bb][vc_column width=\u00bb2\/3&#8243;][vc_row_inner row_type=\u00bbrow\u00bb type=\u00bbfull_width\u00bb text_align=\u00bbleft\u00bb css_animation=\u00bb\u00bb][vc_column_inner][vc_column_text] Un grupo que naci\u00f3 y creci\u00f3 en el marco de la Comisi\u00f3n Internacional de J\u00f3venes Profesionales de PIANC (YP-Com) [vc_custom_heading text=\u00bbThis is custom heading element with Google Fonts\u00bb font_container=\u00bbtag:h2|text_align:left\u00bb google_fonts=\u00bbfont_family:Montserrat%3Aregular%2C700|font_style:400%20regular%3A400%3Anormal\u00bb][vc_column_text]La Comisi\u00f3n de&#8230;<\/p>\n","protected":false},"author":1,"featured_media":0,"parent":0,"menu_order":0,"comment_status":"closed","ping_status":"closed","template":"","meta":{"footnotes":""},"class_list":["post-17751","page","type-page","status-publish","hentry"],"_links":{"self":[{"href":"http:\/\/www.aadip.org.ar\/web\/wp-json\/wp\/v2\/pages\/17751","targetHints":{"allow":["GET"]}}],"collection":[{"href":"http:\/\/www.aadip.org.ar\/web\/wp-json\/wp\/v2\/pages"}],"about":[{"href":"http:\/\/www.aadip.org.ar\/web\/wp-json\/wp\/v2\/types\/page"}],"author":[{"embeddable":true,"href":"http:\/\/www.aadip.org.ar\/web\/wp-json\/wp\/v2\/users\/1"}],"replies":[{"embeddable":true,"href":"http:\/\/www.aadip.org.ar\/web\/wp-json\/wp\/v2\/comments?post=17751"}],"version-history":[{"count":38,"href":"http:\/\/www.aadip.org.ar\/web\/wp-json\/wp\/v2\/pages\/17751\/revisions"}],"predecessor-version":[{"id":17920,"href":"http:\/\/www.aadip.org.ar\/web\/wp-json\/wp\/v2\/pages\/17751\/revisions\/17920"}],"wp:attachment":[{"href":"http:\/\/www.aadip.org.ar\/web\/wp-json\/wp\/v2\/media?parent=17751"}],"curies":[{"name":"wp","href":"https:\/\/api.w.org\/{rel}","templated":true}]}}

<p>[vc_row row_type=»row» use_row_as_full_screen_section=»no» type=»full_width» angled_section=»no» text_align=»left» background_image_as_pattern=»without_pattern» css_animation=»»][vc_column width=»2/3&#8243;][vc_row_inner row_type=»row» type=»full_width» text_align=»left» css_animation=»»][vc_column_inner][vc_column_text]</p>
<h2>Un grupo que nació y creció en el marco de la Comisión Internacional de Jóvenes Profesionales de PIANC (YP-Com)</h2>
<p></br>[vc_custom_heading text=»This is custom heading element with Google Fonts» font_container=»tag:h2|text_align:left» google_fonts=»font_family:Montserrat%3Aregular%2C700|font_style:400%20regular%3A400%3Anormal»][vc_column_text]La Comisión de Jóvenes Profesionales de PIANC <a href="https://www.pianc.org/commissions-and-working-groups/young-professionals-commission">(YP-Com)</a>, ideada conceptualmente en el año 2001 y constituida formalmente en el año 2006, está compuesta por miembros de la comunidad PIANC menores a 40 años, distribuidos en más de 30 países.</p>
<p></br>Durante las últimas décadas, YP-Com estuvo dedicada a promover el desarrollo de la carrera profesional de jóvenes asociados a PIANC tanto a nivel nacional, como regional y mundial. Esto ha sido posible a través de la realización de diversos eventos, reuniones y visitas técnicas dedicadas exclusivamente a Jóvenes Profesionales, como así también a la participación de miembros en Comisiones y Grupos de Trabajo de PIANC junto a expertos mundiales (una vacante por país reservada para Jóvenes Profesionales) y a la generación de incentivos y oportunidades de educación e investigación con becas parciales y/o totales (Premio al mejor trabajo de un Joven Profesional en Congresos PIANC / AADIP, Premio De Paepe-Willems, intercambios laborales y académicos, etc.).</p>
<p>[/vc_column_text][vc_single_image image=»17788&#8243; img_size=»full» style=»vc_box_rounded» qode_css_animation=»» css=».vc_custom_1598371506550{margin-top: 30px !important;margin-bottom: 30px !important;}»][vc_column_text css=».vc_custom_1598371970248{margin-bottom: 30px !important;}»]</p>
<h2>Jóvenes Profesionales de toda Argentina para fortalecer la comunidad portuaria y contribuir al desarrollo profesional argentino.</h2>
<p></br>[vc_column_text]Localmente, el grupo de PIANC Argentina Jóvenes Profesionales (YP PIANC AR) ha sido establecido en el año 2012, como resultado del interés de algunos jóvenes ingenieros que, cursando la carrera de Especialización en Ingeniería Portuaria (EGIP) de la Facultad de Ingeniería de la Universidad de Buenos Aires, se involucraron activamente en la asociación. Rápidamente se sumaron al grupo jóvenes de distintas regiones del país y en la actualidad, los Jóvenes Profesionales contribuyen con más del 50% de los miembros PIANC de nuestra Sección Nacional.</p>
<p></br>[vc_column_text]El grupo de PIANC Argentina Jóvenes Profesionales es uno de los más activos a nivel mundial y mantiene en forma regular eventos técnicos a lo largo del país. Además, propone Jóvenes Profesionales para Grupos de Trabajo y Comisiones, mantiene la conexión con YP-Com, promueve premios anuales, y trabaja mancomunadamente con la Comisión Directiva de AADIP (representante de PIANC Argentina).</p>
<p></br>[vc_column_text]La comisión YP PIANC AR tiene como objetivo organizar regularmente actividades académicas y visitas técnicas de alcance local y regional, fomentando el encuentro de jóvenes profesionales de distintas regiones con el fin de acrecentar la red de contactos, ampliar conocimientos y difundir la asociación. Anualmente se planifican actividades exclusivas para jóvenes profesionales, las cuales se desarrollan: una en la región Centro (Buenos Aires) y otra en el Litoral Marítimo o Fluvial argentino (de manera intercalada); como así también se propone la organización bianual de un seminario regional para el continente Americano.</p>
<p>[/vc_column_text][/vc_column_inner][/vc_row_inner][/vc_column][vc_column width=»1/3&#8243;][vc_row_inner row_type=»row» type=»full_width» text_align=»left» css_animation=»»][vc_column_inner][vc_single_image image=»17787&#8243; img_size=»full» alignment=»center» style=»vc_box_shadow_circle_2&#8243; qode_css_animation=»» qode_hover_animation=»zoom_in»][vc_column_text css=».vc_custom_1598371880979{margin-top: 20px !important;margin-bottom: 30px !important;}»]<strong>YP PIANC AR</strong> tiene como objetivo organizar regularmente actividades académicas y visitas técnicas de alcance local y regional, fomentando el encuentro de jóvenes profesionales de distintas regiones.</p>
<p>[/vc_column_text][vc_single_image image=»17790&#8243; img_size=»full» alignment=»center» style=»vc_box_shadow_circle_2&#8243; qode_css_animation=»» qode_hover_animation=»zoom_in» css=».vc_custom_1598372109031{margin-bottom: 30px !important;}»][/vc_column_inner][/vc_row_inner]<div class="q_pie_chart_holder"><div class="q_percentage" data-percent="50" data-linewidth="" data-active="#1e73be" data-noactive="#e5e5e5" style="color:#1e73be;font-size:50px;"><span class="tocounter">50</span>%</div><div class="pie_chart_text"><h4 class="pie_title" style="color: #bfbfbf;">YP-COM </h4><span class="separator small" style='background-color: #1e73be;'"></span><p style="color: #1e73be;">Los Jóvenes Profesionales contribuyen con más del 50% de los miembros PIANC de nuestra Sección Nacional.</p></div></div>[vc_row_inner row_type=»row» type=»full_width» text_align=»left» css_animation=»»][vc_column_inner width=»1/3&#8243;]<div class='image_hover hovered' style='' data-transition-delay=''><div class='images_holder'><a itemprop='url' href='https://www.linkedin.com/groups/4507238/' target='_blank'><img itemprop='image' class='active_image ' src='http://www.aadip.org.ar/web/wp-content/uploads/2020/08/ico_linkeding.jpg' alt='' style='' /><img itemprop='image' class='hover_image' src='http://www.aadip.org.ar/web/wp-content/uploads/2020/08/ico_linkeding_on.jpg' alt='' style='' /></a></div></div>[/vc_column_inner][vc_column_inner width=»1/3&#8243;]<div class='image_hover hovered' style='' data-transition-delay=''><div class='images_holder'><a itemprop='url' href='https://www.facebook.com/yppianc.ar/' target='_blank'><img itemprop='image' class='active_image ' src='http://www.aadip.org.ar/web/wp-content/uploads/2020/08/ico_facebook.jpg' alt='' style='' /><img itemprop='image' class='hover_image' src='http://www.aadip.org.ar/web/wp-content/uploads/2020/08/ico_facebookon.jpg' alt='' style='' /></a></div></div>[/vc_column_inner][vc_column_inner width=»1/3&#8243;]<div class='image_hover hovered' style='' data-transition-delay=''><div class='images_holder'><a itemprop='url' href='#' target='_blank'><img itemprop='image' class='active_image ' src='http://www.aadip.org.ar/web/wp-content/uploads/2020/08/ico_imstagram.jpg' alt='' style='' /><img itemprop='image' class='hover_image' src='http://www.aadip.org.ar/web/wp-content/uploads/2020/08/ico_imstagramonon.jpg' alt='' style='' /></a></div></div>[/vc_column_inner][/vc_row_inner][/vc_column][/vc_row]</p>

<p>[vc_row row_type=»row» use_row_as_full_screen_section=»no» type=»full_width» angled_section=»no» text_align=»left» background_image_as_pattern=»without_pattern» css_animation=»»][vc_column width=»2/3&#8243;][vc_row_inner row_type=»row» type=»full_width» text_align=»left» css_animation=»»][vc_column_inner][vc_column_text] Un grupo que nació y creció en el marco de la Comisión Internacional de Jóvenes Profesionales de PIANC (YP-Com) [vc_custom_heading text=»This is custom heading element with Google Fonts» font_container=»tag:h2|text_align:left» google_fonts=»font_family:Montserrat%3Aregular%2C700|font_style:400%20regular%3A400%3Anormal»][vc_column_text]La Comisión de&#8230;</p>
